e 7.
3216
11011000111101 (base 2) to base 5
421020
Convert 202042 (base 5) to base 3.
22221120
Convert 224a (base 11) to base 5.
43313
What is 819 (base 10) in base 9?
1110
1342 (base 6) to base 11
299
-1284 (base 11) to base 2
-11010000001
Convert 1110101 (base 2) to base 4.
1311
What is 122 (base 9) in base 2?
1100101
-10010100101 (base 2) to base 3
-1122001
-110110101010101 (base 2) to base 4
-12311111
110111111 (base 2) to base 3
121120
What is -159f (base 16) in base 6?
-41343
Convert 133300 (base 7) to base 16.
6262
Convert -4024 (base 12) to base 5.
-210230
Convert -32d5 (base 16) to base 2.
-11001011010101
What is 1001222 (base 3) in base 7?
2165
1032110 (base 4) to base 15
1742
What is 295 (base 10) in base 12?
207
Convert -1303223 (base 5) to base 7.
-134110
Convert 23322 (base 4) to base 3.
1001020
1562 (base 15) to base 12
27a8
Convert -111010011010 (base 2) to base 15.
-1193
What is 12126 (base 7) in base 12?
19b0
What is 682 (base 14) in base 13?
783
Convert -6054 (base 9) to base 2.
-1000101000111
40c (base 15) to base 6
4120
140055 (base 6) to base 11
9844
What is -460 (base 12) in base 8?
-1210
Convert -c55 (base 16) to base 14.
-1217
6ed (base 16) to base 6
12113
-75 (base 10) to base 15
-50
Convert -149c (base 14) to base 7.
-13455
1434 (base 6) to base 12
27a
What is 3301021 (base 4) in base 12?
8b21
What is 111111010000 (base 2) in base 7?
14542
Convert 144034 (base 5) to base 15.
1c49
-6713 (base 10) to base 16
-1a39
What is 10120201 (base 3) in base 4?
220303
100 (base 8) to base 15
44
Convert 110100000 (base 2) to base 10.
416
What is -23420 (base 6) in base 4?
-311010
What is -264 (base 10) in base 6?
-1120
-2679 (base 10) to base 3
-10200020
What is 30201 (base 6) in base 9?
5381
2102210 (base 3) to base 15
7d6
Convert -111110001110011 (base 2) to base 6.
-403255
What is -5479 (base 10) in base 6?
-41211
bc21 (base 13) to base 6
321222
106d6 (base 14) to base 13
15150
What is 326 (base 11) in base 4?
12013
-1103 (base 9) to base 10
-813
597 (base 12) to base 9
1127
165353 (base 8) to base 2
1110101011101011
-1125303 (base 6) to base 15
-123b0
-31333 (base 4) to base 16
-37f
1310131 (base 4) to base 3
101020001
-37138 (base 10) to base 6
-443534
What is -4b32 (base 12) in base 13?
-3b66
What is 4701 (base 9) in base 3?
11210001
What is -10111101001 (base 2) in base 10?
-1513
What is 8015 (base 11) in base 5?
320124
Convert -131022 (base 4) to base 5.
-24431
Convert b8 (base 14) to base 6.
430
Convert -249f (base 16) to base 7.
-36222
What is -21130 (base 4) in base 9?
-741
What is 2153 (base 13) in base 10?
4631
What is 10000001100 (base 2) in base 13?
619
Convert 57b (base 15) to base 16.
4d9
Convert 184 (base 14) to base 7.
624
Convert -13121310 (base 4) to base 12.
-15670
Convert c5b (base 15) to base 4.
223202
Convert -1101110110001110 (base 2) to base 6.
-1114330
d27 (base 16) to base 13
16c0
-1003 (base 7) to base 12
-24a
Convert -2122111110 (base 3) to base 6.
-1041150
Convert 7630 (base 10) to base 16.
1dce
What is 35a3 (base 14) in base 3?
110211111
Convert -2f6 (base 16) to base 12.
-532
9ca (base 14) to base 9
2587
Convert -100101 (base 5) to base 15.
-e01
Convert 820 (base 15) to base 8.
3446
Convert -377 (base 8) to base 10.
-255
5102 (base 7) to base 13
a5b
-977 (base 10) to base 15
-452
-7439 (base 10) to base 13
-3503
Convert -1b2a4 (base 15) to base 14.
-242b0
13310 (base 4) to base 14
27a
10 (base 14) to base 15
e
Convert 22111221 (base 3) to base 4.
1201000
What is 247 (base 8) in base 16?
a7
-420 (base 7) to base 13
-132
Convert 1da4 (base 15) to base 8.
14466
205152 (base 6) to base 8
40474
What is -1271 (base 11) in base 13?
-9a0
Convert -1b55 (base 16) to base 2.
-1101101010101
What is 58851 (base 9) in base 6?
502031
What is fa (base 16) in base 10?
250
-541 (base 15) to base 4
-102202
Convert a67 (base 11) to base 16.
503
Convert -2987 (base 14) to base 6.
-54043
Convert 2822 (base 13) to base 6.
42422
Convert -139 (base 14) to base 9.
-304
111101011 (base 2) to base 12
34b
Convert -1343 (base 8) to base 10.
-739
What is -13021033 (base 4) in base 2?
-111001001001111
What is 1446 (base 11) in base 2?
11101001001
Convert 21261 (base 7) to base 15.
1876
614 (base 10) to base 11
509
What is 43314 (base 5) in base 8?
5617
What is -1000010000 (base 2) in base 9?
-646
What is 1251 (base 14) in base 15?
e3c
5b83 (base 12) to base 10
10323
What is -100101011 (base 2) in base 13?
-1a0
-42404 (base 5) to base 11
-2165
What is -2444 (base 6) in base 16?
-25c
Convert -3214 (base 6) to base 4.
-23122
Convert -2210220 (base 3) to base 5.
-31144
What is -143103 (base 6) in base 7?
-54534
-520424 (base 6) to base 15
-c507
Convert 3411420 (base 5) to base 7.
340420
What is 5242 (base 8) in base 2?
101010100010
What is 1281 (base 10) in base 5?
20111
What is -562 (base 8) in base 9?
-451
-212211100 (base 3) to base 5
-1023440
2654 (base 8) to base 11
1100
What is -21011 (base 5) in base 11?
-1046
What is -1122202 (base 3) in base 6?
-5332
What is 1d0 (base 15) in base 5?
3140
What is -221331 (base 4) in base 8?
-5175
What is -1011011 (base 2) in base 14?
-67
What is -2893 (base 11) in base 16?
-e94
What is -25779 (base 10) in base 3?
-1022100210
Convert -1547 (base 9) to base 7.
-3301
32124 (base 5) to base 4
201310
1b5 (base 16) to base 7
1163
Convert 126024 (base 7) to base 15.
7040
113202 (base 4) to base 15
6a6
What is -20220 (base 6) in base 5?
-41201
What is -2837 (base 10) in base 15?
-c92
-355 (base 10) to base 12
-257
Convert -3115 (base 7) to base 14.
-57c
Convert -1936 (base 11) to base 7.
-10112
Convert -3056 (base 7) to base 6.
-4542
-3462 (base 7) to base 6
-5513
What is 2e9 (base 15) in base 10?
669
1632 (base 15) to base 11
3649
What is 2043 (base 7) in base 14?
393
Convert 2a7 (base 14) to base 13.
326
-b3b3 (base 16) to base 9
-70084
What is 4361 (base 7) in base 4?
120122
What is -173f (base 16) in base 12?
-353b
What is -30a (base 16) in base 13?
-47b
-808 (base 16) to base 7
-5665
-7251 (base 15) to base 2
-101111001010111
-3012 (base 5) to base 15
-1a7
What is 4142233 (base 5) in base 8?
205533
Convert -11166 (base 7) to base 5.
-42331
-11100100100011 (base 2) to base 5
-432002
Convert b718 (base 13) to base 14.
9363
What is -2348 (base 13) in base 4?
-1031201
What is 11010000111111 (base 2) in base 6?
141531
What is -106e (base 15) in base 3?
-11202212
-932 (base 11) to base 14
-5a4
What is -5543 (base 9) in base 10?
-4089
What is -19493 (base 11) in base 4?
-12221012
2000022 (base 3) to base 7
4163
Convert -1a49 (base 13) to base 15.
-1283
What is 5ca (base 14) in base 8?
2206
-662 (base 9) to base 2
-1000011110
Convert 1022022111 (base 3) to base 16.
6490
What is 11100100010 (base 2) in base 9?
2448
What is a83a (base 12) in base 16?
482e
-34024 (base 5) to base 11
-1882
1535 (base 6) to base 4
12203
9688 (base 13) to base 6
240431
Convert -c01 (base 13) to base 3.
-2210011
-23d3 (base 14) to base 2
-1100001110101
Convert -172 (base 11) to base 10.
-200
Convert -136 (base 10) to base 9.
-161
What is -1212023 (base 4) in base 3?
-22222012
What is 146 (base 14) in base 4?
10002
-21220 (base 4) to base 2
-1001101000
What is -51135 (base 6) in base 4?
-1221203
Convert -101326 (base 7) to base 6.
-212101
What is -1c8 (base 15) in base 8?
-635
Convert -5135 (base 7) to base 13.
-a79
Convert 4031 (base 5) to base 3.
201010
-111101000 (base 2) to base 15
-228
What is -696 (base 16) in base 7?
-4626
Convert 1355 (base 7) to base 12.
382
58610 (base 10) to base 11
40042
Convert 3725 (base 11) to base 14.
1ab9
384 (base 10) to base 15
1a9
1129 (base 12) to base 7
5361
What is -13e (base 15) in base 13?
-18b
What is -1296 (base 10) in base 2?
-10100010000
10000100111 (base 2) to base 14
55d
Convert 1104 (base 5) to base 14.
b0
What is -3241 (base 7) in base 2?
-10010000100
3653 (base 8) to base 15
8ad
What is -100101110 (base 2) in base 3?
-102012
-14d0 (base 15) to base 10
-4470
220050 (base 6) to base 3
220221010
Convert 1100001010111101 (base 2) to base 13.
198cb
-110110111011111 (base 2) to base 13
-ca58
What is -10922 (base 12) in base 6?
-250042
Convert 26129 (base 10) to base 11.
186a4
What is -111210 (base 5) in base 4?
-331122
Convert 111100001101110 (base 2) to base 15.
9205
What is 1